e a(-18). Let c(b) = 3 + 21451*b + s - 21447*b. Let r = 9 - 16. Give c(r).
-24
Let t be ((5 - 6) + 0)/((-116)/(-16) - 7). Let j(m) = -3*m**2 + 12*m + 11. Let r(b) = 2*b**2 - 6*b - 6. Let y(i) = -3*j(i) - 5*r(i). What is y(t)?
5
Let i(c) = -3*c + 7. Let k(z) = z**2 - 8*z - 31. Let g be k(11). Let u(v) = 3*v + 0*v - 16*v + 28. Let o(b) = g*u(b) - 9*i(b). Determine o(3).
-4
Let i(r) = 245*r + 4412. Let b be i(-18). Let g(c) = 4*c + 3. Give g(b).
11
Let f(u) be the third derivative of 5*u**4/12 - 37*u**3/6 - 6093*u**2. Determine f(11).
73
Suppose -266*b + 959*b = -457*b + 9200. Let f(g) = -8*g + 1 + g**2 - 7 + 2. Calculate f(b).
-4
Let q = 83 + -83. Let s(i) = -15*i**2 + 16*i**2 + 6*i - 8 + q*i**2. Let f = 15 - 22. Calculate s(f).
-1
Let q be ((-1044)/58*(-2)/(-10))/((-2)/(-10)). Let f(z) = -z**2 - 16*z + 36. What is f(q)?
0
Let n(v) = -3*v - 18. Let z = -227 - -230. Suppose 0 = 3*i - 2*k + 26, -3*k = -0*k - z. Give n(i).
6
Let c(i) = 4*i**2 + 26*i**2 + 13*i**2 - 14*i + 6 - 42*i**2. What is c(0)?
6
Let p(u) = -6*u**2 + 34 + 9*u + 8*u**2 - 9*u**2 + 6*u**2. What is p(13)?
-18
Suppose -60 = 4*y - 4. Let x be ((-4)/4)/(2/y). Suppose x*w - 45 - 18 = 0. Let o(i) = i**3 - 8*i**2 - 7*i - 12. Determine o(w).
6
Suppose 4*b + 0*s - 290 = 5*s, -2*b + 144 = -2*s. Suppose -b = v - 66. Let c(w) = -3*w + 6 - 9 + 2*w. Give c(v).
1
Let x = -457 + 457. Suppose x*b = b + 5, 3*c - 12 = 3*b. Let i(v) be the second derivative of -9*v**5/20 + v**4/12 + v**3/6 + v**2/2 - v. Determine i(c).
10
Let v be (80/(-45) - (-6)/3) + (-1064)/(-72). Let q(u) = u**3 - 16*u**2 + 12*u + 30. Calculate q(v).
-15
Let h(p) = 18*p + 25*p - 217 + 23*p + 225 - 4*p**2 - 72*p + p**3. Suppose 5 = 5*g, -s + 5*s = -3*g + 27. Determine h(s).
44
Let h be (-18)/4*((-10)/3 - 0). Let f be 10/h - 26/3. Let t(k) = k + 2. Determine t(f).
-6
Let r(n) = 3*n**3 + 2*n**2 - 1. Suppose 33*y - 6188 = 5*y. Let p = -223 + y. Determine r(p).
-17
Let x be ((-2)/(-6))/(14/42). Let i be (2 - 5)*-1 + -6 + x. Let g(t) = 2*t**2 + 2*t. Calculate g(i).
4
Let q(w) = w**3 + 5*w**2 + 4*w - 13. Let d be 24*(-8)/60 - 3/((-60)/(-16)). Determine q(d).
-13
Let j(n) = n**3 + 7*n**2 + 4*n - 5. Let i(v) = 3*v + 1. Let u(r) = -21. Let q(y) = i(y) + u(y). Let l be q(5). What is j(l)?
25
Let a(i) = 2*i**2 + 3*i - 4. Let s(t) = 4*t**2 + 36*t - 35. Let m(u) = u**2 + 7*u - 7. Let v(c) = 11*m(c) - 2*s(c). Let h(b) = 5*a(b) - 3*v(b). Give h(5).
26
Let k(r) = 264*r**2 - 2*r + 264*r**2 + 16 + 266*r**2 - 1068*r**2 + 272*r**2. Give k(5).
-44
Let a(r) = -902*r + 9 - 2 + 4 + 1 + 905*r. Give a(-11).
-21
Let v(y) = -y**2 - 9*y + 2. Let c be v(-9). Let q(w) = 0 - 4*w**c + 2*w**2 + w**2 + 3 - 5*w. Let d(t) = 11*t + 83. Let x be d(-8). Give q(x).
3
Let r(x) = -182*x**2 - 11*x - 1. Let a(h) = 61*h**2 - 1. Let p(c) = -3*a(c) - r(c). Determine p(15).
-56
Let s(n) = 14*n + 54. Let t(p) = 14*p + 60. Let b(r) = -3*s(r) + 4*t(r). What is b(-6)?
-6
Let b(s) be the third derivative of s**6/120 + 7*s**5/60 - 11*s**4/24 + s**3/2 - 30*s**2 + 136*s. Calculate b(-9).
-60
Suppose 3 = -l + 9. Let o be (-1 - (-9)/l)*0. Let d(q) = 9 + o + q - 6 - 9. Give d(0).
-6
Suppose 214 = 124*f + 548 + 286. Let g(d) = -2*d**2 + d + 3. What is g(f)?
-52
Let o(d) = d**3 - 6*d**2 + 6. Let w be o(6). Suppose 10 = 11*i - w*i. Let l(g) = 0*g - 3*g - 13 + 4*g**2 - g**3 + i*g + 17. What is l(4)?
0
Let q(c) = -c - 482 + 2*c + 899 - 419. Suppose 0 = 5*m + 5*j - 40, 5*m - 10 = -0*j + j. Suppose -z + m*n = -4*z + 18, 4*z - 2*n = 0. Give q(z).
0
Let l = -3028 - -3031. Let x(b) = 4*b**3 - 2*b**2 - 5*b + 3. Give x(l).
78
Let h(y) = -235 + 4*y - 225 + 464. Let q(b) = 5*b + 5. Let a(l) = -6*h(l) + 5*q(l). Let u(s) = -7*s - 2. Let w(n) = 6*a(n) + u(n). Give w(5).
-1
Let d(z) = z**3 - 25*z**2 - 6*z + 65. Let c(n) = 6*n**3 - 149*n**2 - 38*n + 391. Let g(o) = -2*c(o) + 13*d(o). What is g(27)?
9
Let w(s) = -66*s - 67. Suppose 95*g + 64 = 48 - 79. Give w(g).
-1
Let d be 1/9*441/(8 + -1). Let f(q) = -q**3 + 7*q**2 - 2*q + 10. Give f(d).
-4
Let t be (2/4)/((-3)/36). Let m(q) = -159*q + 34. Let s(d) = -73*d + 16. Let k(a) = -6*m(a) + 13*s(a). Give k(t).
-26
Let y(u) = u**2 - 3*u + 2. Let m be 1 - -5 - 16/4. Suppose 3*w - 3*h + 93 = -0*w, -83 = 3*w + m*h. Let o = w + 34. What is y(o)?
12
Let d(a) = 4*a - 13. Let x be d(4). Let s(j) = -1 - 410*j**3 + 4*j**2 + 2 + 411*j**3 + x*j. Let u(c) = c**3 + 4*c**2 - 5*c - 2. Let g be u(-5). Calculate s(g).
3
Let x be (26 - 21) + (-3 - -2). Suppose 16 = -q + 22*k - 21*k, 0 = -3*q + x*k - 51. Let w(r) = r**3 + 13*r**2 - 2*r - 18. Determine w(q).
8
Let l(o) = o**3 - 7*o**2 - 5. Let r = 6 - 6. Suppose 5*j - 2*d = 43, r = -12*d + 10*d - 8. Calculate l(j).
-5
Let y(w) be the first derivative of 15*w**4/4 - w**3/3 + w**2/2 + w + 2511. Calculate y(-2).
-125
Let j be 25/(-2)*(-30)/75. Let f(u) = -6*u**3 + 2*u**2 - 1. Let n(v) = -11*v**3 + 4*v**2 - 2. Let z(r) = j*f(r) - 3*n(r). What is z(1)?
2
Let v be 151*(-3)/12 - (-3)/4. Suppose 2*s = 5*d - 193, 2*d - 5*s = -0*s + 73. Let a = d + v. Let n(w) = w**3 - w**2 + w - 1. Give n(a).
5
Let u(r) = -r**2 - 3*r - 1. Let v(f) = 20*f**2 + 239*f - 13. Let a be v(-12). What is u(a)?
1
Suppose 29*l + 239 = 2182. Suppose 6*j - 121 = -l. Let m(i) = i**3 - 8*i**2 - 10*i - 8. Give m(j).
-17
Let z(a) = 3*a - 17. Let d(c) = -5332 + 5263 + 8*c + 6*c. Let f(j) = -2*d(j) + 9*z(j). What is f(-10)?
-5
Let a(k) = k**3 + 5*k**2 + 3*k + 10. Let f be (-7)/5 - 3367/1295. Determine a(f).
14
Suppose 0 = -613*m + 707*m - 1504. Let j(r) = r**3 - 17*r**2 + 13*r + 46. Calculate j(m).
-2
Let j(p) be the first derivative of -8*p - 3*p**3 - p**2 - 1/4*p**4 + 49. Suppose -4*n = -3*n + 9. Give j(n).
10
Let p be (-30)/(-6) - (-2 - -3). Let u(v) be the second derivative of -v**5/20 + 5*v**4/12 - v**3/2 - 3*v**2/2 - 8*v. Determine u(p).
1
Let l(s) = s**2 - 50*s + 185. Let j be l(4). Let f(w) be the second derivative of -w**3/2 - w**2/2 + w. Calculate f(j).
-4
Let k(l) = l - 13. Let w be k(23). Let a be 252/(-140)*w/6. Let g(j) = -j**2 + 2*j - 3. Determine g(a).
-18
Let i(p) = -p + 1. Let h(d) = 4*d - 5. Let c(t) = h(t) + 3*i(t). Let f(g) = -4*g**3 + 20*g**2 - 16*g + 240. Let z be f(6). Determine c(z).
-2
Let k(m) = -3*m**3 - 10*m**2 + 3*m + 3. Let f(b) = b**3 + 4*b**2 - 2*b - 3. Let o(v) = 5*f(v) + 2*k(v). Determine o(-2).
7
Let g(l) = -5*l - 5. Let a be g(0). Let t(k) be the second derivative of k**4/12 + k**3 + 3*k**2/2 + 19*k + 1. Calculate t(a).
-2
Let y(s) be the second derivative of 3*s - 33 + 0*s**4 + 0*s**2 + 1/6*s**3 - 3/4*s**5. What is y(-1)?
14
Let u(h) = h**2 - 17*h + 33. Let l be (-12)/21*(-3675)/150. Give u(l).
-9
Let o(p) = p**3 + 6*p**2 + 3*p + 1. Let x be 1069/4 - -1 - 27/(-36). Let s = x + -272. Give o(s).
19
Suppose 9*t - 28 = 8. Let i(o) = 4*o**2 - 2*o - 9. Let g(l) = 2*l**2 - l - 4. Let b(k) = t*i(k) - 9*g(k). What is b(-1)?
-3
Let q(c) = -7*c**2. Suppose v - 7 = -z, z + 11 - 51 = -4*v. Suppose -v*s = -17 - 5. What is q(s)?
-28
Let k(o) = -75*o**2 - 2*o. Let t(i) = -231*i - 2078. Let f be t(-9). What is k(f)?
-77
Let y(n) = 4*n**2 - 972*n - 3*n**2 + 489*n + 481*n - 15*n**3. Determine y(1).
-16
Let y be ((-10)/4)/(1/(-2)). Let c be 24/18*30/8. Let s(b) = -1100*b - c*b**2 + 1096*b - 4 - 4*b**2 + b**3 + 5*b**2. Calculate s(y).
1
Let a(c) = -c**3 - 2*c**2 + 5*c + 2. Let w(h) = -3*h + 10. Let u(z) = -1. Let o(k) = 3*u(k) - w(k). Let i be o(5). Suppose 12 = i*t - 6*t. Determine a(t).
-4
Let d = 2750 + -2767. Let a(o) = -o**2 - 19*o + 16. Determine a(d).
50
Suppose -107*l - 84 = 96*l - 189*l. Let a(h) = 2*h**2 + 6*h + 1. Calculate a(l).
37
Let g(c) = c**3 - 12*c**2 - c + 11. Suppose 2*f + 145 - 713 = -2*l, f - 276 = l. Suppose 275*s - f*s + 60 = 0. What is g(s)?
-1
Let x(u) be the second derivative of 1/3*u**3 - 3*u - 14 - 13/2*u**2. Calculate x(5).
-3
Let x(j) = 11*j - 3. Let f be -1 + 1 - ((-16)/(-72))/((-1)/(-18)). What is x(f)?
-47
Let s(l) = l + 13. Let t(a) = -85*a**2 + 17*a - 34. Let r be t(2). Let d = -331 - r. Determine s(d).
22
Let a be -3 - -2*(-21)/(-6). Suppose 29 = o + 5*f, 48 = 3*o + o + 3*f. Let b(x) = -4*x**2 + 4 - 2*x - 4*x + o*x + 3*x**2. Calculate b(a).
0
Let k(a) = 2*a - 9. Suppose -26 = -108*c + 112*c + 5*r, 4*r + 8 = 0. What is k(c)?
-17
Let k(v) be the third derivative of -v**5/60 - v**4/4 + 290*v**2. Calculate k(-7).
-7
Let i be 